mposite number?
True
Is 15360258503 a prime number?
True
Is 44128087009 prime?
True
Is 1263712247 a composite number?
True
Is 39658009723 prime?
False
Is 15257738987 a prime number?
False
Is 1400659367 a composite number?
True
Is 1081590457 a prime number?
True
Is 135489852983 composite?
True
Is 365783107 a prime number?
True
Is 5512853851 a prime number?
True
Is 48479672783 composite?
False
Is 743206201 a prime number?
True
Is 4341668533 prime?
True
Is 2253131434 composite?
True
Is 1932056309 composite?
False
Is 3772254463 composite?
True
Is 5213771223 a prime number?
False
Is 15195451 a composite number?
False
Is 1032053213 a prime number?
False
Is 98323794029 a prime number?
False
Is 8348076962 a composite number?
True
Is 33597829 composite?
True
Is 68684636311 a prime number?
True
Is 163531399 composite?
False
Is 1826699411 composite?
False
Is 257510399 prime?
True
Is 2904500023 a prime number?
False
Is 137113740865 a prime number?
False
Is 489536143 a composite number?
True
Is 884239147 composite?
True
Is 36227582117 prime?
False
Is 355725983 composite?
True
Is 2602119277 a prime number?
True
Is 206496397 composite?
False
Is 99174381 a composite number?
True
Is 469316234 a prime number?
False
Is 84758605489 composite?
False
Is 1890569419 prime?
False
Is 4785321617 a composite number?
True
Is 52128209611 a composite number?
False
Is 4263100307 composite?
False
Is 256992108583 composite?
True
Is 49964670893 prime?
False
Is 23488243873 a composite number?
True
Is 894038107 composite?
True
Is 910382107 composite?
True
Is 5900474213 composite?
True
Is 78718006663 a prime number?
True
Is 448932541 composite?
False
Is 6487374463 a composite number?
False
Is 245962360951 composite?
True
Is 6180826921 a composite number?
False
Is 4261085131 composite?
True
Is 28724631067 a prime number?
False
Is 9057603799 prime?
True
Is 1169755667 prime?
True
Is 46981721317 composite?
False
Is 3463604927 prime?
True
Is 132008771 a composite number?
False
Is 105764483983 a composite number?
False
Is 14930042119 a composite number?
True
Is 49931188027 composite?
True
Is 5915401193 a composite number?
True
Is 3134456771 composite?
True
Is 2913708439 a composite number?
False
Is 5129872855 composite?
True
Is 8865141 composite?
True
Is 21648982351 a composite number?
False
Is 2478543302 a composite number?
True
Is 1012138111 a prime number?
False
Is 133490048129 a prime number?
False
Is 599748139 prime?
False
Is 76314893 a composite number?
True
Is 1500505777 a prime number?
False
Is 6712321937 composite?
True
Is 32628579871 a prime number?
True
Is 208218453 a prime number?
False
Is 758911997 composite?
False
Is 85897837 a prime number?
True
Is 7898862737 a composite number?
True
Is 5942274469 a composite number?
True
Is 1353443941 prime?
True
Is 16275643229 prime?
True
Is 91105189465 composite?
True
Is 11643975683 prime?
True
Is 9024950747 a composite number?
False
Is 1896122083 a composite number?
False
Is 8410068941 a composite number?
False
Is 4286004551 composite?
False
Is 2587816859 composite?
False
Is 39083782046 prime?
False
Is 72677948557 prime?
False
Is 488622047 prime?
True
Is 997935047 prime?
True
Is 13469261699 composite?
False
Is 22604489813 prime?
False
Is 1360210757 a composite number?
True
Is 392305633 a composite number?
True
Is 1084771865 prime?
False
Is 3660971227 prime?
True
Is 42810133 composite?
True
Is 721674937 a prime number?
False
Is 156074431 a composite number?
False
Is 2605801979 prime?
False
Is 755035733 a prime number?
True
Is 28214087207 a prime number?
False
Is 243587231 composite?
False
Is 686467367 a prime number?
False
Is 399944821 composite?
True
Is 1577807477 composite?
False
Is 7689155891 composite?
False
Is 234605639 a prime number?
True
Is 148683203 a prime number?
False
Is 213207799 prime?
False
Is 217100508647 prime?
False
Is 2736958846 a prime number?
False
Is 12989743777 a prime number?
False
Is 17402181733 composite?
True
Is 1211872385 a composite number?
True
Is 17056439 a composite number?
False
Is 1382680861 a composite number?
True
Is 579192403 prime?
True
Is 7513744957 a prime number?
False
Is 13926399991 a composite number?
True
Is 74376000659 a prime number?
False
Is 282960019 prime?
False
Is 398105497 a prime number?
True
Is 25121910439 composite?
False
Is 10151768959 a prime number?
False
Is 5094253217 a prime number?
True
Is 11629382053 composite?
False
Is 1241104699 composite?
False
Is 30414100139 composite?
False
Is 34346830267 a composite number?
False
Is 351728297 a composite number?
True
Is 10537552121 prime?
True
Is 1599229 a prime number?
True
Is 1281929209 a composite number?
True
Is 41324882773 prime?
False
Is 4961386663 a prime number?
True
Is 18101510267 a composite number?
False
Is 5145952033 prime?
True
Is 21858038663 composite?
True
Is 1598939567 composite?
True
Is 6702299993 composite?
True
Is 20014681327 prime?
True
Is 634136983 prime?
True
Is 699175877 composite?
True
Is 22148767073 composite?
True
Is 6504237097 composite?
True
Is 554438951 prime?
False
Is 23960444723 a composite number?
False
Is 2486864263 a prime number?
False
Is 655930291 composite?
True
Is 223777447 a composite number?
False
Is 3789613339 composite?
False
Is 949260911 composite?
True
Is 4779170741 composite?
True
Is 3372949837 a prime number?
True
Is 697586257 a composite number?
False
Is 128857303 a composite number?
False
Is 10439784083 a prime number?
True
Is 32875603715 a prime number?
False
Is 558377723 a composite number?
True
Is 3479658049 a prime number?
False
Is 5362481933 prime?
True
Is 20651849369 prime?
True
Is 442279813 composite?
False
Is 33048256193 prime?
False
Is 4397025947 a composite number?
False
Is 22360987277 composite?
False
Is 2513176693 prime?
False
Is 4058837089 a prime number?
True
Is 356905447 prime?
True
Is 7929404173 a prime number?
True
Is 51718465787 a composite number?
False
Is 557314363 a prime number?
False
Is 80851768957 a composite number?
True
Is 34331282885 prime?
False
Is 2462694161 a prime number?
False
Is 727882895 composite?
True
Is 60759822527 a prime number?
True
Is 1407518731 prime?
False
Is 194541463 composite?
False
Is 9519457991 a composite number?
False
Is 573955727 a composite number?
True
Is 9150734155 a composite number?
True
Is 97233527 a composite number?
False
Is 7376135447 a prime number?
False
Is 3633008377 a composite number?
False
Is 11835448199 prime?
True
Is 1422429487 a prime number?
True
Is 3560540689 a prime number?
False
Is 2305829 prime?
False
Is 580820147 composite?
True
Is 299121049 composite?
True
Is 14685425173 a composite number?
False
Is 49096322617 prime?
True
Is 138528523027 composite?
False
Is 60899332421 a prime number?
True
Is 10847111861 a prime number?
True
Is 16415689181 a composite number?
True
Is 3206893793 composite?
False
Is 2620014563 a prime number?
True
Is 8327010823 a composite number?
False
Is 7058352919 composite?
False
Is 1590758237 composite?
True
Is 1133100077 prime?
True
Is 73991390387 a prime number?
False
Is 80322053873 a prime number?
True
Is 12848630503 a prime number?
True
Is 110695243 a composite number?
True
Is 2695757171 a composite number?
True
Is 815239 a composite number?
True
Is 845891317 composite?
False
Is 11436291133 a prime number?
False
Is 8786145007 prime?
False
Is 407300987 composite?
False
Is 26507514419 a composite number?
False
Is 1954294093 a prime number?
True
Is 14998689193 composite?
True
Is 10676182789 a prime number?
False
Is 5554196113 a composite number?
False
Is 598993727 a prime number?
False
Is 994070773 composite?
False
Is 7673003317 a composite number?
True
Is 365366905 a composite number?
True
Is 1263134113 composite?
False
Is 191043529 prime?
True
Is 210400523 a prime number?
True
Is 288649123 composite?
True
Is 711754843 a prime number?
True
Is 1734350983 prime?
True
Is 121483660349 a prime number?
True
Is 7821093941 prime?
False
Is 460712137 prime?
False
Is 10587581281 a composite number?
False
Is 3271464881 composite?
True
Is 6521391143 a composite number?
False
Is 1842687529 composite?
True
Is 30773102853 composite?
True
Is 1436457259 composite?
False
Is 16404937127 composite?
False
Is 4853101711 prime?
False
Is 81326070209 a prime number?
True
Is 3305527193 prime?
True
Is 68124337355 p